2 - 3)). Let f(z) = 2*z. Let c be f(a). Suppose 3*n - c = -2*n. What is the remainder when 5 is divided by n?
1
Let m(g) = -g**2 - 9*g - 5. Let s be m(-8). Suppose 2*r - 58 = -3*y, 0 = s*y - y + r - 38. Calculate the remainder when 69 is divided by y.
15
Let i(z) = -z**3 - 11*z**2 - 30*z + 6. Let f be i(-6). Let h = 3 + 75. What is the remainder when h is divided by (-5 - (-15)/f)/(1/(-8))?
18
Suppose 660*k - 656*k - 156 = 0. Calculate the remainder when k is divided by 18.
3
What is the remainder when 5 is divided by 4/((-56)/(-7))*10?
0
Let z(u) = u**3 + 6*u**2 - 3*u + 14. Let c be ((-20)/(-8) + 2)/((-6)/8). Calculate the remainder when z(c) is divided by 20.
12
Suppose a + 19 = 25. Suppose 8*j = a*j + 8. Suppose 4*q - 4*f = -7*f + 151, -5*q + j*f + 181 = 0. Calculate the remainder when q is divided by 10.
7
Let u(o) = o**2 - 5*o - 1. Suppose 4*j = 3*f - 38, 4*j - 13 = f - 39. Suppose -6*p = -2*p - 136. Calculate the remainder when p is divided by u(f).
4
Let l(u) = u**2 + 18*u - 15. Let a be 12/(-8)*(-120)/(-9). Calculate the remainder when 124 is divided by l(a).
24
Let g(d) = 7*d + 3. What is the remainder when g(1) is divided by 2?
0
Let m(f) = 3*f**2 + 7*f + 5. Let u(z) = -2 - 4 - 1 - z - z. What is the remainder when m(-4) is divided by u(-8)?
7
Let h(i) = -3*i - 44. Let z be h(-14). Calculate the remainder when 7 is divided by -4 - (-4 + z) - (-4 + 0).
1
Suppose 45*z + 348 = 99*z - 48*z. Calculate the remainder when 1/((-5)/(-114))*5 is divided by z.
56
Let g(y) = -3 - y**2 + 2*y**3 - 5*y**2 + 17 + 9*y - y**3. Calculate the remainder when g(6) is divided by 14.
12
Let t = 5 + -5. Let d be t + 6*4/6. Suppose u + 3*u - 384 = -4*g, 2*g = -d*u + 374. What is the remainder when u is divided by 31?
29
Let q(n) = -24*n + 2. Let w(d) = -d**2 + 11*d - 13. Let k be w(10). Let s be q(k). Suppose 5*l = s - 29. What is the remainder when l is divided by 5?
4
Suppose c = o + 154, 4*o + 299 - 899 = -4*c. Calculate the remainder when c is divided by 12.
8
Suppose b = -0*b + 73. Let c(g) = 2*g**2 - g - 17. What is the remainder when b is divided by c(-5)?
35
Let o = 30 - 9. Calculate the remainder when o is divided by 1*(-23)/((-115)/40).
5
Let d be (-2 - -7)/(1 + 0/(-3)). Suppose -d*f + 10*f = 265. What is the remainder when 158 is divided by f?
52
Let o = 30 + -22. Let m = 15 - o. Calculate the remainder when 25 is divided by m.
4
Let p = 112 - 96. What is the remainder when 46 is divided by p?
14
Suppose -11*u + 9 = -10*u. What is the remainder when 35 is divided by u?
8
Suppose -n + 44 = n. Let u(k) = 3*k**2 + 127*k + 207. Calculate the remainder when u(-41) is divided by n.
21
Let q(a) = -a**3 + 7*a**2 + 9. Let v be 210/9*3/2. Suppose -4*h = h - v. What is the remainder when q(h) is divided by 4?
1
Let f = 2607 + -2564. Calculate the remainder when f is divided by 186/8 - 2/8.
20
Suppose -2*s = 3*r - 2 - 54, 2*s - 5*r = 88. What is the remainder when 114 is divided by s?
12
Let g be (-4)/3*(-15)/10. Suppose g*d + 115 = 3*o - 0*d, -5*o = -d - 187. What is the remainder when o is divided by 10?
7
Let v(q) = -6 + 30*q - 58*q + q**2 + 43*q. What is the remainder when 19 is divided by v(-16)?
9
Let r = 1556 + -1543. Suppose 3*b = 2*b + 3. Calculate the remainder when r is divided by (20 - -1)*b/9.
6
Suppose -3*c + 5*f = -15, -5*c - 2*f + 7*f = -25. Calculate the remainder when 12 is divided by (-39)/(-9) + c/(-15).
0
Calculate the remainder when 79 is divided by 36/5*(0/2 - -5).
7
Let j(m) = -2*m**2 + 3*m. Let w be j(2). Calculate the remainder when (0 - -5)*(-10)/w is divided by 14.
11
Let t(c) = c + 20. Suppose -o = 2*h + 2*h - 13, -2*h = -3*o - 3. Let w be (-18)/2*o + -3. Calculate the remainder when t(w) is divided by 4.
0
Let y(z) = 21*z - 16. Let x(g) = 2*g**2 - 6*g + 12. Calculate the remainder when x(6) is divided by y(2).
22
Let t be 3*(48/9 - 2). Suppose -15*n = -t*n - 40. What is the remainder when 29 is divided by n?
5
Let n be 0 - (-4 + 2 - -2). What is the remainder when (n + (-3 - -1))*-11 is divided by 12?
10
Let w = -522 - -865. What is the remainder when w is divided by 84?
7
Suppose -85 = -203*w + 198*w. Let l(k) = -k**3 - 7*k**2 + 7*k + 9. Let o be l(-8). Let p = o + -12. Calculate the remainder when w is divided by p.
2
Let s = 17 - 16. Suppose 0 = -f - s + 14. Let m(w) = -w**3 - 4*w**2 + 2*w - 7. What is the remainder when f is divided by m(-5)?
5
Let b be 1/5 + (-402)/(-15). Suppose -3*n + 6*n = -b. Let r = n + 24. Calculate the remainder when 42 is divided by r.
12
Suppose -3*d - 3*r + 1 = -d, -3*r - 5 = -d. Let c(f) = f + 13. Let z be c(-11). What is the remainder when z/(480/237 - d) is divided by 20?
19
Let r(s) = -s**3 + 7*s**2 + 10*s - 8. Let t = 261 - 248. What is the remainder when r(7) is divided by t?
10
Calculate the remainder when 78 is divided by (-96)/160 + 106/10.
8
Let a(g) = 2*g**3 - 19*g**2 + 61*g. Calculate the remainder when a(12) is divided by 15.
12
Let f be (0 + (-21)/(-6))/((-1)/(-14)). What is the remainder when f*((-1 - -2) + 0) is divided by 10?
9
Let g be (255 - 7)/(3/(-1 + -2)). Let s = -151 - g. Calculate the remainder when s is divided by 49.
48
Let l(f) = f**3 - 11*f**2 + 2*f - 15. Let p be l(11). Suppose 0 = 2*o - p - 3, -5*g = -3*o - 60. Calculate the remainder when 1/(-2) + 249/6 is divided by g.
11
Let s(m) = -m**3 + m**2 + 5. Let j be s(0). Suppose 0 = -u + j*u - 332. Calculate the remainder when u is divided by 12.
11
Suppose -l = -3*x + 2 - 8, 3*l - 2*x - 32 = 0. What is the remainder when l is divided by (15/(-6) - 0)*-2?
2
Suppose 5*l + 25 = 0, -3*n - 5*l = 2*n - 95. Let f = 1768 - 1754. What is the remainder when n is divided by f?
10
Let j(o) = -o**3 - 15*o**2 - 3*o - 17. What is the remainder when 178 is divided by j(-15)?
10
Let o = 6 - 18. Let s(f) = f**3 + 11*f**2 - 14*f + 17. What is the remainder when s(o) is divided by 11?
8
Let h = -290 - -305. Calculate the remainder when 49 is divided by h.
4
Suppose -y + 1239 = -2*u, -3*y + 2174 = u - 1543. Calculate the remainder when y is divided by 73.
71
Suppose 22 = 13*j - 121. Calculate the remainder when 185 is divided by j.
9
Suppose -2*b - 21*g + 33 = -18*g, 15 = -5*g. What is the remainder when 81 is divided by b?
18
Let l = -22 - -24. Suppose 3*o + l*z - 40 - 66 = 0, -2*z = -4*o + 118. What is the remainder when o is divided by 9?
5
Let y = -22 - -11. Let w = y + 29. What is the remainder when w is divided by 10?
8
Suppose 5*b = -4*n + 4, 5*b = 3*n + b - 3. Let s(a) = a**3 + 4*a**2 + 3*a + 5. Let x be s(-4). Let r = n - x. What is the remainder when 14 is divided by r?
6
Suppose 16*s = 5*r + 12*s - 131, 0 = -r - 4*s + 7. Calculate the remainder when 148 is divided by r.
10
Suppose 15 - 63 = 4*z. What is the remainder when z/30 + (-726)/(-15) is divided by 13?
9
Suppose 6*d = -62 + 482. What is the remainder when d is divided by 20?
10
Let y = 9 + -5. Suppose z - 38 = 5*t, -y*z + 4*t + 170 = 2*t. Let g = -3 - -18. Calculate the remainder when z is divided by g.
13
Suppose -4*m = -4*z + 100, 0 = 2*z + 4 - 8. Let i = m - -38. Suppose 2*l = -l + i. What is the remainder when 17 is divided by l?
2
Let m = 7 - 3. Let o = 1030 + -1023. What is the remainder when o is divided by m?
3
Suppose 2*q = -2*q + 12. Let u(l) = 10*l + 10. Let k(n) = 3*n + 3. Let s(o) = -7*k(o) + 2*u(o). What is the remainder when s(-6) is divided by q?
2
Let o(v) = -v**2 + 6*v + 2. Suppose 0 = 2*p + 161 - 385. Let j = p - 94. What is the remainder when j is divided by o(4)?
8
Suppose -5*a + 3*w + 25 = 0, -w = -0*w. Suppose 30 = -a*b + 125. What is the remainder when 69 - -2 - 6/(-2) is divided by b?
17
Let w = -122 - -203. Suppose 61 = r + a, w = -3*r + 4*r - 4*a. Let p(u) = 4*u + 73. Calculate the remainder when r is divided by p(-14).
14
Suppose -4*s + 48 = 4*z, 2 + 9 = 3*s - 2*z. Suppose -t + 6 = -s. Calculate the remainder when 23 is divided by t.
10
Let s = 24 - 24. Suppose -2*x + 3*x = -5*f + 31, s = f + 2*x + 1. What is the remainder when f is divided by 7?
0
Suppose 18 = -m - 8. Let c be 4/m - 11556/(-78). Suppose 12 = 4*l - c. Calculate the remainder when l is divided by 21.
19
Let v(k) = k**3 + 13*k**2 - 30*k + 109. Calculate the remainder when 759 is divided by v(-15).
105
Suppose -95*q + 97*q - 5*v = 55, -5*v = 3*q - 145. Let b = 16 - 2. What is th